{"id":182,"date":"2023-07-17T17:13:30","date_gmt":"2023-07-17T15:13:30","guid":{"rendered":"http:\/\/automatyka.piotrkos.pl\/?page_id=182"},"modified":"2023-07-17T17:16:28","modified_gmt":"2023-07-17T15:16:28","slug":"182-2","status":"publish","type":"page","link":"http:\/\/automatyka.piotrkos.pl\/index.php\/182-2\/","title":{"rendered":"Home Assistant"},"content":{"rendered":"\n<p> <\/p>\n\n\n\n<p>Home Assistant jest niesamowity. To oprogramowanie, kt\u00f3re dzia\u0142a jak jeden wielki system sterowania wszystkimi inteligentnymi akcesoriami w domu. Wspierane jest ponad tysi\u0105c urz\u0105dze\u0144 wielu r\u00f3\u017cnych producent\u00f3w. A opr\u00f3cz samego kontrolowania urz\u0105dze\u0144 Home Assistant pozwala na tworzenie nawet bardzo zaawansowanych automatyzacji. Projekt ci\u0105gle pr\u0119\u017cnie si\u0119 rozwija, tworzone s\u0105 nowe integracj\u0119, kt\u00f3re pozwalaj\u0105 na po\u0142\u0105czenie kolejnych urz\u0105dze\u0144.<\/p>\n\n\n\n<p class=\"has-text-align-center\">Z czym mo\u017cna integrowa\u0107 inteligentny dom?<\/p>\n\n\n\n<figure class=\"wp-block-image aligncenter size-large is-resized\"><img loading=\"lazy\" decoding=\"async\" src=\"http:\/\/automatyka.piotrkos.pl\/wp-content\/uploads\/2023\/07\/integrowanieinteligentnegodomu-hands-g94981a3b2_hu45b6f00fc7702293d11d22bb8f6be0c9_66317_1200x0_resize_q75_box-1024x683.jpg\" alt=\"\" class=\"wp-image-163\" width=\"323\" height=\"215\" srcset=\"http:\/\/automatyka.piotrkos.pl\/wp-content\/uploads\/2023\/07\/integrowanieinteligentnegodomu-hands-g94981a3b2_hu45b6f00fc7702293d11d22bb8f6be0c9_66317_1200x0_resize_q75_box-1024x683.jpg 1024w, http:\/\/automatyka.piotrkos.pl\/wp-content\/uploads\/2023\/07\/integrowanieinteligentnegodomu-hands-g94981a3b2_hu45b6f00fc7702293d11d22bb8f6be0c9_66317_1200x0_resize_q75_box-300x200.jpg 300w, http:\/\/automatyka.piotrkos.pl\/wp-content\/uploads\/2023\/07\/integrowanieinteligentnegodomu-hands-g94981a3b2_hu45b6f00fc7702293d11d22bb8f6be0c9_66317_1200x0_resize_q75_box-768x512.jpg 768w, http:\/\/automatyka.piotrkos.pl\/wp-content\/uploads\/2023\/07\/integrowanieinteligentnegodomu-hands-g94981a3b2_hu45b6f00fc7702293d11d22bb8f6be0c9_66317_1200x0_resize_q75_box.jpg 1200w\" sizes=\"auto, (max-width: 323px) 100vw, 323px\" \/><\/figure>\n\n\n\n<p>System \u201eHome Assistant\u201d, to jeden z najlepszych system\u00f3w inteligentnego domu na \u015bwiecie. Wed\u0142ug mnie ten program zas\u0142uguje na t\u0119 opini\u0119 ze wzgl\u0119du na szerokie mo\u017cliwo\u015bci integracji z produktami i us\u0142ugami firm trzecich, du\u017ce mo\u017cliwo\u015bci konfiguracyjne, charakter \u201eopen source\u201d oraz cen\u0119 licencji wynosz\u0105c\u0105 zero. Oto subiektywna lista integracji, kt\u00f3re s\u0105 wyj\u0105tkowe i mog\u0105 wzbogaci\u0107 instalowany w domu system smart home oraz jego automatyzacje.<\/p>\n\n\n\n<ul class=\"wp-block-list\">\n<li>HomeKit Controller \u2013 integracja urz\u0105dze\u0144 z logo \u201eWorks with HomeKit\u201d. Pod\u0142\u0105czysz do Home Assistant urz\u0105dzenia fabrycznie przystosowane tylko do systemu HomeKit firmy Apple.<\/li>\n\n\n\n<li>Roborock \u2013 samojezdny odkurzacz mo\u017ce by\u0107 sterowany automatycznie z wykorzystaniem automatyzacji lub r\u0119cznie za pomoc\u0105 centralki Home Assistant.<\/li>\n\n\n\n<li>Xiaomi Miio \u2013 pod\u0142\u0105czenie urz\u0105dze\u0144 z serii Miio marki Xiaomi.<\/li>\n\n\n\n<li>Satel Integra \u2013 integracja systemu alarmowego firmy Satel. Na marginesie dodam, \u017ce nie musisz kupowa\u0107 odr\u0119bnego systemu alarmowego dla Home Assistant, bo takowy ju\u017c jest wbudowany, ale je\u015bli ju\u017c masz system alarmowy firmy Satel to mo\u017cesz go zintegrowa\u0107.<\/li>\n\n\n\n<li>SimpliSafe \u2013 system alarmowy typu \u201ezainstaluj go sam\u201d z czujnikami zalania, dymu, ruchu i innymi wraz z syren\u0105.<\/li>\n\n\n\n<li>Kalendarz Vulcan \u2013 inteligentny dom za pomoc\u0105 automatyzacji mo\u017ce reagowa\u0107 na plan lekcji z kalendarza Vulcan, u\u017cywanego przez niekt\u00f3re szko\u0142y w Polsce, rodzic\u00f3w i ich dzieci.<\/li>\n\n\n\n<li>BMW Connected Drive \u2013 monitoruj stan swojego samochodu za pomoc\u0105 inteligentnego domu.<\/li>\n\n\n\n<li>KNX \u2013 pod\u0142\u0105cz centralk\u0119 KNX i zintegrowane z ni\u0105 urz\u0105dzenia do Home Assistant, dzi\u0119ki temu rozszerzysz mo\u017cliwo\u015bci kablowego KNX lub dasz mu \u201edrugie \u017cycie\u201d.<\/li>\n\n\n\n<li>Danfoss Air &#8211; steruj cyrkulacj\u0105 powietrza za pomoc\u0105 systemu wentylacyjnego w ramach szeregu automatyzacji.<\/li>\n\n\n\n<li>Somfy \u2013 rolety tej firmy same mog\u0105 si\u0119 opuszcza\u0107 lub podnosi\u0107 w zale\u017cno\u015bci od warunk\u00f3w atmosferycznych.<\/li>\n\n\n\n<li>DoorBird \u2013 po prostu wideo domofon mo\u017cliwy do integracji z inteligentnym domem Home Assistant, kt\u00f3ry np. wstrzyma ogl\u0105dany film na telewizorze, gdy kto\u015b dzwoni.<\/li>\n\n\n\n<li>SolarEdge \u2013 dane instalacji fotowoltaicznej, jej produkcji i zu\u017cycia energii pod\u0142\u0105czone do smart home mog\u0105 uruchamia\u0107 automatyzacje oszcz\u0119dzaj\u0105ce energi\u0119.<\/li>\n\n\n\n<li>Airly \u2013 niech Home Assistant ostrze\u017ce ci\u0119 o smogu na zewn\u0105trz, gdy otworzysz okno, poprzez zbierane dane z sieci czujnik\u00f3w smogu.<\/li>\n\n\n\n<li>Netatmo \u2013 mo\u017cliwo\u015b\u0107 pod\u0142\u0105czenia urz\u0105dze\u0144 firmy Netatmo.<\/li>\n\n\n\n<li>Xiaomi Aqara \u2013 czujniki, w\u0142\u0105czniki \u015bwiat\u0142a, wtyczki i inne urz\u0105dzenia tej marki mog\u0105 wsp\u00f3\u0142pracowa\u0107 z Home Assistant.<\/li>\n\n\n\n<li>Rain Bird \u2013 irygacja ogrodu, dzi\u0119ki automatyzacji i czujnikowi opadu deszczu (firmy trzeciej), Home Assistant nie uruchomi podlewania trawnika, gdy w\u0142a\u015bnie spad\u0142 deszcz.<\/li>\n\n\n\n<li>Broadlink RM \u2013 kontroluj telewizor, wi\u0119\u017c\u0119 stereo, odtwarzacz Blu-ray i inne urz\u0105dzenia sterowane na podczerwie\u0144 lub za pomoc\u0105 fal radiowych (RF) przez system inteligentnego domu.<\/li>\n\n\n\n<li>Philips Hue \u2013 smart o\u015bwietlenie, czujniki ruchu i w\u0142\u0105czniki Hue mog\u0105 by\u0107 cz\u0119\u015bci\u0105 automatyzacji Home Assistant.<\/li>\n\n\n\n<li>Android TV \u2013 oczywi\u015bcie nie mo\u017ce zabrakn\u0105\u0107 mo\u017cliwo\u015bci integracji smart telewizor\u00f3w.<\/li>\n\n\n\n<li>Velux \u2013 automatycznie otwieraj\u0105ce i zamykaj\u0105ce si\u0119 okna lub zas\u0142ony tej firmy jak w filmie sci-fi, to mo\u017cliwe dzi\u0119ki integracji ze smart domem<\/li>\n<\/ul>\n\n\n\n<p>To jest tylko u\u0142amek spisu integracji urz\u0105dze\u0144 i us\u0142ug online z systemem inteligentnego domu Home Assistant. Obok bezpo\u015bredniej integracji tysi\u0119cy urz\u0105dze\u0144 masz mo\u017cliwo\u015b\u0107 pod\u0142\u0105czenia pozosta\u0142ych urz\u0105dze\u0144 po\u015brednio przez wsp\u00f3\u0142pracuj\u0105cy system \u0142\u0105czno\u015bci np. Zigbee, Thread, Matter, Bluetooth, Z-Wave, WIFI pod warunkiem, \u017ce twoja centralka Home Assistant zawiera odpowiedni\u0105 anten\u0119. List\u0119 integracji znajdziesz na stronie: Home-assistant.io\/integrations\/<\/p>\n\n\n\n<figure class=\"wp-block-gallery has-nested-images columns-default is-cropped wp-block-gallery-1 is-layout-flex wp-block-gallery-is-layout-flex\">\n<figure class=\"wp-block-image size-large\"><img loading=\"lazy\" decoding=\"async\" width=\"1024\" height=\"680\" data-id=\"175\" src=\"http:\/\/automatyka.piotrkos.pl\/wp-content\/uploads\/2023\/07\/social-preview-1-1024x680.jpg\" alt=\"\" class=\"wp-image-175\" srcset=\"http:\/\/automatyka.piotrkos.pl\/wp-content\/uploads\/2023\/07\/social-preview-1-1024x680.jpg 1024w, http:\/\/automatyka.piotrkos.pl\/wp-content\/uploads\/2023\/07\/social-preview-1-300x199.jpg 300w, http:\/\/automatyka.piotrkos.pl\/wp-content\/uploads\/2023\/07\/social-preview-1-768x510.jpg 768w, http:\/\/automatyka.piotrkos.pl\/wp-content\/uploads\/2023\/07\/social-preview-1-1536x1020.jpg 1536w, http:\/\/automatyka.piotrkos.pl\/wp-content\/uploads\/2023\/07\/social-preview-1.jpg 1548w\" sizes=\"auto, (max-width: 1024px) 100vw, 1024px\" \/><\/figure>\n\n\n\n<figure class=\"wp-block-image size-large\"><img loading=\"lazy\" decoding=\"async\" width=\"1024\" height=\"620\" data-id=\"173\" src=\"http:\/\/automatyka.piotrkos.pl\/wp-content\/uploads\/2023\/07\/fad6bb6b06f258b12fe4e2d931ec6beeeb141778-2-1024x620.jpeg\" alt=\"\" class=\"wp-image-173\" srcset=\"http:\/\/automatyka.piotrkos.pl\/wp-content\/uploads\/2023\/07\/fad6bb6b06f258b12fe4e2d931ec6beeeb141778-2-1024x620.jpeg 1024w, http:\/\/automatyka.piotrkos.pl\/wp-content\/uploads\/2023\/07\/fad6bb6b06f258b12fe4e2d931ec6beeeb141778-2-300x182.jpeg 300w, http:\/\/automatyka.piotrkos.pl\/wp-content\/uploads\/2023\/07\/fad6bb6b06f258b12fe4e2d931ec6beeeb141778-2-768x465.jpeg 768w, http:\/\/automatyka.piotrkos.pl\/wp-content\/uploads\/2023\/07\/fad6bb6b06f258b12fe4e2d931ec6beeeb141778-2.jpeg 1294w\" sizes=\"auto, (max-width: 1024px) 100vw, 1024px\" \/><\/figure>\n\n\n\n<figure class=\"wp-block-image size-large\"><img loading=\"lazy\" decoding=\"async\" width=\"1024\" height=\"515\" data-id=\"174\" src=\"http:\/\/automatyka.piotrkos.pl\/wp-content\/uploads\/2023\/07\/792250ed65b3ca10f4254afbf623f7790751357f-1-1024x515.jpeg\" alt=\"\" class=\"wp-image-174\" srcset=\"http:\/\/automatyka.piotrkos.pl\/wp-content\/uploads\/2023\/07\/792250ed65b3ca10f4254afbf623f7790751357f-1-1024x515.jpeg 1024w, http:\/\/automatyka.piotrkos.pl\/wp-content\/uploads\/2023\/07\/792250ed65b3ca10f4254afbf623f7790751357f-1-300x151.jpeg 300w, http:\/\/automatyka.piotrkos.pl\/wp-content\/uploads\/2023\/07\/792250ed65b3ca10f4254afbf623f7790751357f-1-768x387.jpeg 768w, http:\/\/automatyka.piotrkos.pl\/wp-content\/uploads\/2023\/07\/792250ed65b3ca10f4254afbf623f7790751357f-1-1536x773.jpeg 1536w, http:\/\/automatyka.piotrkos.pl\/wp-content\/uploads\/2023\/07\/792250ed65b3ca10f4254afbf623f7790751357f-1.jpeg 1840w\" sizes=\"auto, (max-width: 1024px) 100vw, 1024px\" \/><\/figure>\n\n\n\n<figure class=\"wp-block-image size-large\"><img loading=\"lazy\" decoding=\"async\" width=\"1024\" height=\"640\" data-id=\"177\" src=\"http:\/\/automatyka.piotrkos.pl\/wp-content\/uploads\/2023\/07\/zqbhh78rf7c51-1-1024x640.jpg\" alt=\"\" class=\"wp-image-177\" srcset=\"http:\/\/automatyka.piotrkos.pl\/wp-content\/uploads\/2023\/07\/zqbhh78rf7c51-1-1024x640.jpg 1024w, http:\/\/automatyka.piotrkos.pl\/wp-content\/uploads\/2023\/07\/zqbhh78rf7c51-1-300x188.jpg 300w, http:\/\/automatyka.piotrkos.pl\/wp-content\/uploads\/2023\/07\/zqbhh78rf7c51-1-768x480.jpg 768w, http:\/\/automatyka.piotrkos.pl\/wp-content\/uploads\/2023\/07\/zqbhh78rf7c51-1-1536x960.jpg 1536w, http:\/\/automatyka.piotrkos.pl\/wp-content\/uploads\/2023\/07\/zqbhh78rf7c51-1.jpg 1920w\" sizes=\"auto, (max-width: 1024px) 100vw, 1024px\" \/><\/figure>\n\n\n\n<figure class=\"wp-block-image size-large\"><img loading=\"lazy\" decoding=\"async\" width=\"1024\" height=\"550\" data-id=\"176\" src=\"http:\/\/automatyka.piotrkos.pl\/wp-content\/uploads\/2023\/07\/Bez-nazwy-1-1024x550.jpg\" alt=\"\" class=\"wp-image-176\" srcset=\"http:\/\/automatyka.piotrkos.pl\/wp-content\/uploads\/2023\/07\/Bez-nazwy-1-1024x550.jpg 1024w, http:\/\/automatyka.piotrkos.pl\/wp-content\/uploads\/2023\/07\/Bez-nazwy-1-300x161.jpg 300w, http:\/\/automatyka.piotrkos.pl\/wp-content\/uploads\/2023\/07\/Bez-nazwy-1-768x413.jpg 768w, http:\/\/automatyka.piotrkos.pl\/wp-content\/uploads\/2023\/07\/Bez-nazwy-1-1536x826.jpg 1536w, http:\/\/automatyka.piotrkos.pl\/wp-content\/uploads\/2023\/07\/Bez-nazwy-1.jpg 1920w\" sizes=\"auto, (max-width: 1024px) 100vw, 1024px\" \/><\/figure>\n<\/figure>\n","protected":false},"excerpt":{"rendered":"<p>Home Assistant jest niesamowity. To oprogramowanie, kt\u00f3re dzia\u0142a jak jeden wielki system sterowania wszystkimi inteligentnymi akcesoriami w domu. Wspierane jest<\/p>\n","protected":false},"author":1,"featured_media":0,"parent":0,"menu_order":0,"comment_status":"closed","ping_status":"closed","template":"","meta":{"footnotes":""},"class_list":["post-182","page","type-page","status-publish","hentry"],"_links":{"self":[{"href":"http:\/\/automatyka.piotrkos.pl\/index.php\/wp-json\/wp\/v2\/pages\/182","targetHints":{"allow":["GET"]}}],"collection":[{"href":"http:\/\/automatyka.piotrkos.pl\/index.php\/wp-json\/wp\/v2\/pages"}],"about":[{"href":"http:\/\/automatyka.piotrkos.pl\/index.php\/wp-json\/wp\/v2\/types\/page"}],"author":[{"embeddable":true,"href":"http:\/\/automatyka.piotrkos.pl\/index.php\/wp-json\/wp\/v2\/users\/1"}],"replies":[{"embeddable":true,"href":"http:\/\/automatyka.piotrkos.pl\/index.php\/wp-json\/wp\/v2\/comments?post=182"}],"version-history":[{"count":2,"href":"http:\/\/automatyka.piotrkos.pl\/index.php\/wp-json\/wp\/v2\/pages\/182\/revisions"}],"predecessor-version":[{"id":185,"href":"http:\/\/automatyka.piotrkos.pl\/index.php\/wp-json\/wp\/v2\/pages\/182\/revisions\/185"}],"wp:attachment":[{"href":"http:\/\/automatyka.piotrkos.pl\/index.php\/wp-json\/wp\/v2\/media?parent=182"}],"curies":[{"name":"wp","href":"https:\/\/api.w.org\/{rel}","templated":true}]}}